+ 12. Let z = -352 - -337. Give u(z).
-3
Let o(q) = -10*q. Let i be ((-2)/(16/12))/(1/30). Let u = 46 + i. What is o(u)?
-10
Let b(w) = w**3 - 3*w - 9 + 6*w**2 + 1 - 5*w. Suppose 0 = -i + 11*i + 70. What is b(i)?
-1
Let f(z) = -56*z - 14. Let r(x) = 21*x + 5. Let h(n) = 6*f(n) + 17*r(n). Calculate h(-2).
-41
Suppose 15*x - 17*x - 16 = -4*s, 6 = 3*x. Let p(k) = -k**3 + 6*k**2 - 4*k + 4. Calculate p(s).
9
Let r be 2/10 + (-29)/(-5). Let a be (-16)/r + 6/9. Let m(u) = 5*u - 33. Let b(j) = -j + 8. Let n(t) = a*m(t) - 9*b(t). Determine n(-6).
0
Let a(n) = 2*n**3 + 12*n**2 - 1. Let x be a(-6). Let i(z) = -5*z - 1. Let g(u) = 10*u + 2. Let q(m) = -3*g(m) - 7*i(m). Calculate q(x).
-4
Let i(j) = -72*j + 208. Let s be i(3). Let x(q) = -5*q - 6. Determine x(s).
34
Let c(g) = g**3 - 5*g**2 + g + 1. Suppose -x = 5 - 3, -5*l + x + 452 = 0. Let p be 1/(-6*(-3)/l). Calculate c(p).
6
Let c(d) = -d**3 + 9*d**2 + 12*d - 10. Let l be 15 - (-30)/(4 + -10). Determine c(l).
10
Let x(q) be the first derivative of -12 - 39*q**2 + 39*q**2 - 3*q + 4*q - 5*q**3. Calculate x(-1).
-14
Let d(o) = o**3 + 4*o**2 - o. Let z be ((-8)/(-18)*6)/(6/(-243)). Let a = z - -104. Calculate d(a).
4
Let w(m) = -5*m**2 + 6*m - 10. Let y = 0 - 3. Let d(j) = 4*j**2 - 6*j + 9. Let v(n) = y*w(n) - 4*d(n). Determine v(4).
2
Let p(d) be the third derivative of -d**6/120 + d**5/15 + d**4/12 + d**3/6 + 87*d**2. Determine p(5).
-14
Let p(v) = -v**2 + v + 1. Suppose 34*c = 2*c - 160. What is p(c)?
-29
Suppose 0 = s - 4*u + 5, -3*s + 5 = -6*u + 4*u. Suppose 10 = -2*m, s*d = -m - 2 - 9. Let w(b) = -b - 1. Give w(d).
1
Let w(u) = u + 1 + 0 - 8. Suppose 5*o = -3*s + 42, -2*s - 2*s = 3*o - 23. Suppose -6 = 7*a - o*a. Give w(a).
-4
Let i(o) = 1 - 6 + 0 + o. Let j(p) = -p**2 - 21*p + 19. Let r be j(-22). Let s(d) = -2*d + 4. Let g(c) = r*i(c) - 2*s(c). Give g(-6).
1
Let m(d) = -24*d + 2. Let j be m(-1). Let z = j - 16. Suppose 3*p - 2 = z. Let k(u) = 3*u - 3. Calculate k(p).
9
Let t(n) be the second derivative of -n**6/720 + n**5/60 + 5*n**4/6 + 36*n. Let r(g) be the third derivative of t(g). Determine r(8).
-6
Let y be ((-3)/(-4))/((-9)/(-4) + -2). Let q(s) be the first derivative of -s**3 + 2*s**2 - 2*s - 50. What is q(y)?
-17
Let r(f) be the first derivative of f**5/20 + f**4/2 + f**3/3 + 5*f**2/2 - 13*f - 41. Let t(q) be the first derivative of r(q). Determine t(-6).
-7
Suppose p - 3*d + 2 = 7, 3*p = -4*d - 24. Let b(q) = -3*q**3 + 5*q**2 + 6*q + 15. Let g(z) = 4*z**3 - 8*z**2 - 9*z - 22. Let f(j) = 7*b(j) + 5*g(j). Give f(p).
-9
Let f(j) = -6*j + 106. Let a be f(19). Let m(r) = -r**3 - 7*r**2 + 10*r + 4. What is m(a)?
-12
Let g(n) = 5*n + 174 + 169 - 339. Determine g(-9).
-41
Let w(p) be the third derivative of p**8/2880 - p**6/720 + p**5/30 - 23*p**2. Let c(b) be the third derivative of w(b). Give c(-1).
6
Let i(u) = u**3 - 2*u**2 + u - 1. Let b(l) = 4*l**3 - 11*l**2 + 4*l - 17. Let w(m) = b(m) - 5*i(m). Calculate w(0).
-12
Let s(c) = -c**3 - 5*c**2 + 6*c + 5. Let o(g) = g**3 - 24*g**2 + 25*g - 51. Let j be o(23). Determine s(j).
-25
Let k(b) be the first derivative of 1/3*b**3 + 5/2*b**2 - 2*b + 9. Give k(-4).
-6
Let n = 4 + 3. Let w(l) = -3*l - 12. Let z(s) = 2*s + 12. Let y(d) = 3*w(d) + 4*z(d). Determine y(n).
5
Let c(k) = -k**3 + 4*k**2 - 5. Suppose -25*w + 7 + 43 = 0. Calculate c(w).
3
Let h(b) = -b**2 + b + 1. Let k(z) = z**3 + 7*z**2 + 3*z - 6. Let o(j) = h(j) + k(j). Let c = 11 - 16. Give o(c).
0
Let y(r) be the first derivative of -5*r + 4 + 2/3*r**3 + 2*r**2. Let c = -5 - -1. Determine y(c).
11
Let x(o) = -10 - 2*o + 3*o + 2 - 1. Let m be (1 + -5)/(7/(-14)). Determine x(m).
-1
Suppose -f - y = -3, 4*y = y. Let k(b) = 8*b - 3. Suppose 0 = 2*t - 13 + 35. Let g(s) = 3*s - 1. Let l(d) = t*g(d) + 4*k(d). What is l(f)?
-4
Let d(v) be the third derivative of -v**4/12 + 3*v**3/2 + 2*v**2. Let t = -277 - -283. Calculate d(t).
-3
Let g(t) = 4*t + 2. Let k be (-4)/(-140)*7 - (-34)/5. Let s be k - 5*(-12)/(-20). Give g(s).
18
Suppose -4*h + 7 = -65. Suppose -45 = -23*l + h*l. Let s(d) = 2*d - 2 + 0 + l*d**2 + 5*d - 8*d**2. Determine s(-7).
-2
Let v(t) = 5*t**3 - 5 - 5*t**2 - 26*t**3 + 22*t**3 + 3*t. Let x(s) = 4*s**2. Let y be x(-1). Calculate v(y).
-9
Let w = -351 - -349. Let y(i) = -3*i**3 - i**2 + 2*i + 3. Determine y(w).
19
Let o(w) be the second derivative of -w**5/20 - w**4/4 + w**3/2 + 2*w**2 + 13*w. Let z = -2 - -3. Let d be (1 - z)/3 - 4. Give o(d).
8
Let b(q) = 14*q**2 - 3*q + 2. Let w be b(1). Let y(r) = -3*r + 3*r + r + 11 - w. Calculate y(3).
1
Let f be 2/4*-6 + 8. Let q = -2 + f. Let c(o) = -1 + q*o - o - 3*o. Determine c(1).
-2
Let w(t) = 8*t**2 + 5*t - 7. Let x(j) = 4*j**2 + 3*j - 4. Let y = -44 - -41. Let o(m) = y*w(m) + 5*x(m). What is o(-1)?
-3
Let y(s) = -s**3 - 5*s**2 - 4*s - 3. Let f = -30 - -7. Let v = 20 + f. What is y(v)?
-9
Let x be 6 + (-1 - 1) + 0/(-4). Let z(n) = -2*n - 5. What is z(x)?
-13
Suppose o = -o - 20. Let b(c) be the second derivative of c**4/12 + 11*c**3/6 + 11*c**2/2 + 3*c. Let x be b(o). Let h(m) = -6*m**2 - m + 1. What is h(x)?
-6
Let y(n) = -6*n**3 + 7*n**2 - 8*n - 9. Let a(o) = -5*o**3 + 6*o**2 - 7*o - 7. Let g(q) = -5*a(q) + 4*y(q). Give g(2).
5
Suppose -b = 5*i - 18, 0 = 4*b - 2*b - 2*i. Let n(f) = 3*f**3 - 6*f**3 + 6*f + 4*f**3 - 7*f - b*f**2 + 3. Calculate n(3).
0
Let i(a) = -25*a. Let h = 37 + -22. Let b be (-3)/(-2)*(85/h + -5). What is i(b)?
-25
Let g(d) = -2*d - 25. Let x(m) = -2*m - 33. Let i(u) = -4*g(u) + 3*x(u). What is i(-1)?
-1
Let q(g) be the first derivative of 5*g**2 - 12*g**2 - 5 + g + 8*g**2. Let v(s) = -s + 8. Let k be v(7). Determine q(k).
3
Let x = -13 + 21. Let w(s) = -2*s**3 + 17*s**2 + 7*s + 15. Let n(j) = -3*j**3 + 26*j**2 + 10*j + 22. Let q(f) = x*w(f) - 5*n(f). Determine q(7).
3
Let y(s) = 3*s - 3. Let x(h) = h + 7. Let r be x(8). Suppose 3*v = o + r, v - 4*o + 25 = 6*v. Give y(v).
12
Let r(x) = 4*x - 1. Let q(z) = -34*z + 4. Let p(d) = -q(d) - 6*r(d). Calculate p(4).
42
Let j = 656 + -653. Let m(q) be the third derivative of 0 + 1/60*q**5 + 8*q**2 + 0*q + 1/6*q**j + 1/24*q**4. Give m(0).
1
Let c(n) = -n - 3. Let z be c(-6). Suppose 4*k - z*k = -56. Let r be ((-70)/k)/(2/(-8)). Let b(s) = -s**2 - 5*s. What is b(r)?
0
Let n be (-5624)/836 - (-6)/(-22). Let f(x) = -2*x**2 - 10*x - 8. Determine f(n).
-36
Let a(g) = -g**2 + g - 3. Let j be (-1)/((-2)/(-140)*2). Let o be (-22)/8 - (j/20 + 2). Calculate a(o).
-15
Suppose -2*x + 7*x - 10 = 0. Suppose -2*t = -4*t + 8. Suppose -t = -h + x*h. Let n(s) = s. Calculate n(h).
-4
Let x(c) be the second derivative of c**4/12 - c**3/3 + 3*c**2 + c. Let i be 0 - -9 - (1 - -4). Determine x(i).
14
Let w(k) = -252*k**2 - 13*k + 53. Let r(v) = -89*v**2 - 4*v + 18. Let q(g) = 17*r(g) - 6*w(g). Determine q(7).
9
Let s be ((1 - 1) + 56)/(28/(-56)). Suppose 0 = 4*u - 37 + 93. Let t be (-16)/s + 100/u. Let b(x) = -x - 6. Determine b(t).
1
Let w(t) = t**2 + 3*t + 3. Let i = -42 - -45. Suppose -2*y + i - 13 = 0. Give w(y).
13
Let d(v) = 4*v**2 + 4*v + 1. Let n(u) = -3*u**2 - 7*u - 1. Let a(h) = h. Let o(q) = -2*a(q) - n(q). Let g(y) = 5*d(y) - 4*o(y). Calculate g(1).
9
Let l(q) be the second derivative of -q**7/840 + q**6/180 + q**5/24 - q**4/8 - 11*q**3/3 + 27*q. Let g(r) be the second derivative of l(r). What is g(3)?
3
Let c(u) = -u + 7. Let d be c(3). Let w(v) = -1 + v**2 + 6*v - d + 4. Let f be w(-6). Let o(k) = k. Give o(f).
-1
Let f(s) be the third derivative of -s**5/60 + 3*s**2 + 1. Calculate f(2).
-4
Let b(q) = 2*q**2 - 5*q + 1. Let o = 32 - 7. Suppose -12 = -4*w - 4*n, 2*w + 5*n + o = 7*w. Give b(w).
13
Let f = 27 + -26. Let a(x) = -9*x**2 + f - 2*x**3 - 3 + 3*x**3. Give a(9).
-2
Suppose 5*f = -i + 19, 23 = 4*i - 4*f - 173. Let z = i + -13. Let o(c) = 12*c**3 + 33*c**2 - z*c**2 + c + 1 + c. What is o(-1)?
-11
Let c(n) = -4*n**2 - 2*n - 7*n**2 + 153 - 137 + n**3. What is c(11)?
-6
Let l = -168 - -43. Let i = -115 - l. Let q(h) = -2*h + 13. Give q(i).
-7
Suppose -3*f - 43 + 49 = 0. Let m(q) be the first derivative of 1/3*q**3 + f - 2*q - 3/2*q**2. Calculate m(3).
-2
Let a(s) = s**3 + 7*s**2 - 3*s - 8. Suppose r - 13 = 2*f, 3*f + 5*r - 6*r = -20. Calculate a(f).
13
Suppose -3*j + 0*h - 5*h = -17, -2*h + 14 = 3*j. Let k(p) be the second derivative of p**4/6 - 7*p**3/6 + 3*p**2 - 2*p. Calculate k